{"id":20,"date":"2025-12-26T23:22:04","date_gmt":"2025-12-27T02:22:04","guid":{"rendered":"https:\/\/fox.withemes.com\/wild\/about\/"},"modified":"2026-07-01T16:59:41","modified_gmt":"2026-07-01T19:59:41","slug":"sobre","status":"publish","type":"page","link":"https:\/\/908magazine.com.br\/en\/sobre\/","title":{"rendered":"908"},"content":{"rendered":"<p class=\"has-small-font-size wp-block-paragraph\">908 Magazine is a digital magazine dedicated to the dissemination of emerging photographic production in Brazil, Latin America and the world. We seek to make the photograph of all times visible, mainly contemporary and decentralized, the heart of experimentation and innovation \u2014 whether in the technique, in the theme or in the ways of making and occupying spaces.<\/p>\n\n\n\n<p class=\"has-small-font-size wp-block-paragraph\">The name of the magazine refers to the laboratory for the revelation of photographer Tuguo Ogava (1936 &#8211; 2019), recognized for the importance of his work dedicated to both the alchemy of images and the training of professionals who frequented room 908, in downtown S\u00e3o Paul. In this way, we thank and honor.<br><\/p>\n\n\n\n<figure class=\"wp-block-gallery has-nested-images columns-default is-cropped wp-block-gallery-1 is-layout-flex wp-block-gallery-is-layout-flex\">\n<figure class=\"wp-block-image size-full is-style-default\"><a href=\"https:\/\/908magazine.com.br\/wp-content\/uploads\/2026\/07\/Credito-foto_-Rogerio-Vieira_Maria-L-0415-1.jpg\"><img loading=\"lazy\" decoding=\"async\" width=\"381\" height=\"571\" data-id=\"1479\" src=\"https:\/\/908magazine.com.br\/wp-content\/uploads\/2026\/07\/Credito-foto_-Rogerio-Vieira_Maria-L-0415-1.jpg\" alt=\"\" class=\"wp-image-1479\" srcset=\"https:\/\/908magazine.com.br\/wp-content\/uploads\/2026\/07\/Credito-foto_-Rogerio-Vieira_Maria-L-0415-1.jpg 381w, https:\/\/908magazine.com.br\/wp-content\/uploads\/2026\/07\/Credito-foto_-Rogerio-Vieira_Maria-L-0415-1-200x300.jpg 200w, https:\/\/908magazine.com.br\/wp-content\/uploads\/2026\/07\/Credito-foto_-Rogerio-Vieira_Maria-L-0415-1-8x12.jpg 8w, https:\/\/908magazine.com.br\/wp-content\/uploads\/2026\/07\/Credito-foto_-Rogerio-Vieira_Maria-L-0415-1-60x90.jpg 60w\" sizes=\"auto, (max-width: 381px) 100vw, 381px\" \/><\/a><figcaption class=\"wp-element-caption\">Maria Luiza Meneses<br>Co-Founder and Publisher<\/figcaption><\/figure>\n\n\n\n<figure class=\"wp-block-image size-large\"><a href=\"https:\/\/908magazine.com.br\/wp-content\/uploads\/2026\/07\/Rogerio-Vieira_Divulgacao.jpg\"><img loading=\"lazy\" decoding=\"async\" width=\"683\" height=\"1024\" data-id=\"1480\" src=\"https:\/\/908magazine.com.br\/wp-content\/uploads\/2026\/07\/Rogerio-Vieira_Divulgacao-683x1024.jpg\" alt=\"\" class=\"wp-image-1480\" srcset=\"https:\/\/908magazine.com.br\/wp-content\/uploads\/2026\/07\/Rogerio-Vieira_Divulgacao-683x1024.jpg 683w, https:\/\/908magazine.com.br\/wp-content\/uploads\/2026\/07\/Rogerio-Vieira_Divulgacao-200x300.jpg 200w, https:\/\/908magazine.com.br\/wp-content\/uploads\/2026\/07\/Rogerio-Vieira_Divulgacao-768x1152.jpg 768w, https:\/\/908magazine.com.br\/wp-content\/uploads\/2026\/07\/Rogerio-Vieira_Divulgacao-8x12.jpg 8w, https:\/\/908magazine.com.br\/wp-content\/uploads\/2026\/07\/Rogerio-Vieira_Divulgacao-60x90.jpg 60w, https:\/\/908magazine.com.br\/wp-content\/uploads\/2026\/07\/Rogerio-Vieira_Divulgacao.jpg 846w\" sizes=\"auto, (max-width: 683px) 100vw, 683px\" \/><\/a><figcaption class=\"wp-element-caption\">Rog\u00e9rio Vieira<br>Founder and Editor Boss<\/figcaption><\/figure>\n<\/figure>\n\n\n\n<hr class=\"wp-block-separator has-alpha-channel-opacity\"\/>\n\n\n\n<div class=\"wp-block-columns is-layout-flex wp-container-core-columns-is-layout-8f761849 wp-block-columns-is-layout-flex\">\n<div class=\"wp-block-column is-layout-flow wp-block-column-is-layout-flow\" style=\"flex-basis:50%\"><\/div>\n\n\n\n<div class=\"wp-block-column is-layout-flow wp-block-column-is-layout-flow\" style=\"flex-basis:50%\">\n\n\n<div style=\"height:40px\" aria-hidden=\"true\" class=\"wp-block-spacer\"><\/div>\n<\/div>\n<\/div>\n\n\n\n\n\n\n\n\n\n\n\n\n\n\n\n\n\n\n\n\n\n\n\n\n\n\n\n\n\n\n\n\n\n\n\n\n\n\n\n\n\n\n\n<p class=\"wp-block-paragraph\"><\/p>","protected":false},"excerpt":{"rendered":"<p>A 908 Magazine \u00e9 uma revista digital dedicada \u00e0 difus\u00e3o da produ\u00e7\u00e3o fotogr\u00e1fica emergente no Brasil, na Am\u00e9rica Latina e no mundo. Buscamos visibilizar a fotografia de todos os tempos, principalmente contempor\u00e2nea e descentralizada, o cora\u00e7\u00e3o da experimenta\u00e7\u00e3o e inova\u00e7\u00e3o \u2014 seja na t\u00e9cnica, na tem\u00e1tica ou nos modos de fazer e ocupar espa\u00e7os. O nome da revista faz refer\u00eancia ao laborat\u00f3rio de revela\u00e7\u00e3o do fot\u00f3grafo Tuguo Ogava (1936 &#8211; 2019), reconhecido pela import\u00e2ncia do seu trabalho dedicado tanto \u00e0 alquimia das imagens, quanto \u00e0 forma\u00e7\u00e3o dos profissionais que frequentavam a sala 908, no centro de S\u00e3o Paulo. Desta forma,<\/p>","protected":false},"author":1,"featured_media":0,"parent":0,"menu_order":0,"comment_status":"closed","ping_status":"closed","template":"","meta":{"footnotes":""},"class_list":["post-20","page","type-page","status-publish","hentry"],"_links":{"self":[{"href":"https:\/\/908magazine.com.br\/en\/wp-json\/wp\/v2\/pages\/20","targetHints":{"allow":["GET"]}}],"collection":[{"href":"https:\/\/908magazine.com.br\/en\/wp-json\/wp\/v2\/pages"}],"about":[{"href":"https:\/\/908magazine.com.br\/en\/wp-json\/wp\/v2\/types\/page"}],"author":[{"embeddable":true,"href":"https:\/\/908magazine.com.br\/en\/wp-json\/wp\/v2\/users\/1"}],"replies":[{"embeddable":true,"href":"https:\/\/908magazine.com.br\/en\/wp-json\/wp\/v2\/comments?post=20"}],"version-history":[{"count":88,"href":"https:\/\/908magazine.com.br\/en\/wp-json\/wp\/v2\/pages\/20\/revisions"}],"predecessor-version":[{"id":1484,"href":"https:\/\/908magazine.com.br\/en\/wp-json\/wp\/v2\/pages\/20\/revisions\/1484"}],"wp:attachment":[{"href":"https:\/\/908magazine.com.br\/en\/wp-json\/wp\/v2\/media?parent=20"}],"curies":[{"name":"wp","href":"https:\/\/api.w.org\/{rel}","templated":true}]}}

<p class="has-small-font-size wp-block-paragraph">908 Magazine is a digital magazine dedicated to the dissemination of emerging photographic production in Brazil, Latin America and the world. We seek to make the photograph of all times visible, mainly contemporary and decentralized, the heart of experimentation and innovation — whether in the technique, in the theme or in the ways of making and occupying spaces.</p>



<p class="has-small-font-size wp-block-paragraph">The name of the magazine refers to the laboratory for the revelation of photographer Tuguo Ogava (1936 &#8211; 2019), recognized for the importance of his work dedicated to both the alchemy of images and the training of professionals who frequented room 908, in downtown São Paul. In this way, we thank and honor.<br></p>



<figure class="wp-block-gallery has-nested-images columns-default is-cropped wp-block-gallery-1 is-layout-flex wp-block-gallery-is-layout-flex">
<figure class="wp-block-image size-full is-style-default"><a href="https://908magazine.com.br/wp-content/uploads/2026/07/Credito-foto_-Rogerio-Vieira_Maria-L-0415-1.jpg"><img loading="lazy" decoding="async" width="381" height="571" data-id="1479" src="https://908magazine.com.br/wp-content/uploads/2026/07/Credito-foto_-Rogerio-Vieira_Maria-L-0415-1.jpg" alt="" class="wp-image-1479" srcset="https://908magazine.com.br/wp-content/uploads/2026/07/Credito-foto_-Rogerio-Vieira_Maria-L-0415-1.jpg 381w, https://908magazine.com.br/wp-content/uploads/2026/07/Credito-foto_-Rogerio-Vieira_Maria-L-0415-1-200x300.jpg 200w, https://908magazine.com.br/wp-content/uploads/2026/07/Credito-foto_-Rogerio-Vieira_Maria-L-0415-1-8x12.jpg 8w, https://908magazine.com.br/wp-content/uploads/2026/07/Credito-foto_-Rogerio-Vieira_Maria-L-0415-1-60x90.jpg 60w" sizes="auto, (max-width: 381px) 100vw, 381px" /></a><figcaption class="wp-element-caption">Maria Luiza Meneses<br>Co-Founder and Publisher</figcaption></figure>



<figure class="wp-block-image size-large"><a href="https://908magazine.com.br/wp-content/uploads/2026/07/Rogerio-Vieira_Divulgacao.jpg"><img loading="lazy" decoding="async" width="683" height="1024" data-id="1480" src="https://908magazine.com.br/wp-content/uploads/2026/07/Rogerio-Vieira_Divulgacao-683x1024.jpg" alt="" class="wp-image-1480" srcset="https://908magazine.com.br/wp-content/uploads/2026/07/Rogerio-Vieira_Divulgacao-683x1024.jpg 683w, https://908magazine.com.br/wp-content/uploads/2026/07/Rogerio-Vieira_Divulgacao-200x300.jpg 200w, https://908magazine.com.br/wp-content/uploads/2026/07/Rogerio-Vieira_Divulgacao-768x1152.jpg 768w, https://908magazine.com.br/wp-content/uploads/2026/07/Rogerio-Vieira_Divulgacao-8x12.jpg 8w, https://908magazine.com.br/wp-content/uploads/2026/07/Rogerio-Vieira_Divulgacao-60x90.jpg 60w, https://908magazine.com.br/wp-content/uploads/2026/07/Rogerio-Vieira_Divulgacao.jpg 846w" sizes="auto, (max-width: 683px) 100vw, 683px" /></a><figcaption class="wp-element-caption">Rogério Vieira<br>Founder and Editor Boss</figcaption></figure>
</figure>



<hr class="wp-block-separator has-alpha-channel-opacity"/>



<div class="wp-block-columns is-layout-flex wp-container-core-columns-is-layout-8f761849 wp-block-columns-is-layout-flex">
<div class="wp-block-column is-layout-flow wp-block-column-is-layout-flow" style="flex-basis:50%"></div>



<div class="wp-block-column is-layout-flow wp-block-column-is-layout-flow" style="flex-basis:50%">


<div style="height:40px" aria-hidden="true" class="wp-block-spacer"></div>
</div>
</div>











































<p class="wp-block-paragraph"></p>

<p>A 908 Magazine é uma revista digital dedicada à difusão da produção fotográfica emergente no Brasil, na América Latina e no mundo. Buscamos visibilizar a fotografia de todos os tempos, principalmente contemporânea e descentralizada, o coração da experimentação e inovação — seja na técnica, na temática ou nos modos de fazer e ocupar espaços. O nome da revista faz referência ao laboratório de revelação do fotógrafo Tuguo Ogava (1936 &#8211; 2019), reconhecido pela importância do seu trabalho dedicado tanto à alquimia das imagens, quanto à formação dos profissionais que frequentavam a sala 908, no centro de São Paulo. Desta forma,</p>
